erivative of -2*l**3/3 - 3*l**2/2 - l - 3. Let f be p(-2). What is the units digit of (-99)/f*2/6?
1
Suppose 0 = 2*i - 7*i + 20. Suppose 3 = t + u, -i*t + 2*t - u = -5. Suppose -t*n - 3*d = 2*d - 12, 2*n - d - 12 = 0. What is the units digit of n?
6
Let q = -10 + 16. Suppose o + 2*o - q = 0. Suppose o*r + r = 21. What is the units digit of r?
7
Let a(p) = -p**3 + 4*p**2 - 3*p + 2. Suppose 11 = 6*c - 3*c - 2*n, -n = 4*c - 11. What is the units digit of a(c)?
2
Suppose 4*l - 2*l = 8. Suppose -b - l = -3*b. What is the units digit of b?
2
Suppose 0 = 5*b + j - 0*j - 94, 2*b + 4*j - 52 = 0. What is the tens digit of b?
1
What is the hundreds digit of (-1*3)/((-7)/735) + 3?
3
Let r be 3/(4/(-2560)*6). What is the tens digit of ((-12)/(-10))/((-24)/r)?
1
What is the units digit of (-35 + -1)/(8/(-8))?
6
What is the tens digit of (-4 - 42/(-4) - 3)*50?
7
Let l = 19 + -8. Let u = -7 + l. What is the units digit of 10/u + 2/(-4)?
2
Let n(k) = -23*k**3 - 2*k**2 + 1. What is the units digit of n(-1)?
2
Let f(s) = 3*s - 14. Suppose 5*y - 16 = -w - 2*w, -3*w + y = -40. What is the tens digit of f(w)?
2
Suppose 2*i = 3*r - 29, 5*i - 4 = r - 31. What is the units digit of r?
7
Let k = 8 - 5. Let u be (10/k)/(2/3). Suppose -8 = -w + s + 2*s, u*s + 8 = w. What is the units digit of w?
8
Let x = 7 - 4. Suppose -x*u + 40 = u. What is the units digit of 1*u + (-2)/1?
8
Suppose 5*k - 2*t = -t + 27, 0 = -k + 4*t - 6. Let p(l) = 2*l - 9. What is the units digit of p(k)?
3
What is the tens digit of (-202)/(-6) - (-2)/(-3)?
3
Suppose -5*q - 108 = -3*q. Let c be 346/(-10) - 6/15. Let m = c - q. What is the units digit of m?
9
Let g(w) = -w**3 + w**2 + 3*w + 3. Let o be g(3). What is the units digit of -3 - -4 - 4 - o?
3
Let b be (-4)/4*(-6 - 0). Let f(l) = 0*l**3 - 11*l - 6 + l + l**3 + b*l**2. What is the tens digit of f(-7)?
1
Let h be 72/(-5)*10/3. Let k = 28 + h. Let n = -12 - k. What is the units digit of n?
8
Let c(t) = 4*t + 2. Let x be c(-3). Suppose 4*v - n = 1, 12 = -3*v - 3*n - 6. What is the tens digit of v*3*x/3?
1
Let n(f) = 3*f**2 - 2*f + 3. What is the tens digit of n(2)?
1
Let c be (-9)/3 + 6 + 0. Suppose -j + c*j = -56. What is the units digit of j/(-3) - 1/3?
9
Suppose 4*f - 2 - 6 = 0. Suppose -1 = 5*v - 11. Suppose f*g - 13 = -j + g, -4*j = -v*g - 40. What is the units digit of j?
1
Suppose -2 = 3*p + 4*v, 3*p - 2*v = 2*v + 14. Suppose -p*z = -5*z + 4*t + 46, -4*z + 5*t + 60 = 0. What is the tens digit of z?
1
Suppose 3*s + g - 52 = 8*s, 0 = -4*s + g - 41. Let h = 14 - 21. Let i = h - s. What is the units digit of i?
4
Let m = -50 + 135. What is the units digit of m?
5
Suppose 0*f + 3*i = f + 4, -i = -3*f - 20. Let b(d) = d**3 + 7*d**2 - 3*d + 7. Let o be b(f). What is the units digit of (-23)/(-7) + (-8)/o?
3
Suppose 0 = 2*d - 0*d. Let b(l) = 5*l + 7. Let v(x) = 4*x + 8. Let q(h) = -5*b(h) + 6*v(h). What is the tens digit of q(d)?
1
Let s(m) = m**3 + 2*m**2 - 2*m + 66. What is the tens digit of s(0)?
6
Suppose 3*b - 8 - 3 = -2*y, 19 = 4*y + 3*b. Suppose -2 = 2*k, y*k - 41 + 13 = 2*c. What is the tens digit of (-69)/(-4) + 4/c?
1
Suppose -4*a + 6 = -14. Suppose a*n = -4 + 14. What is the units digit of n?
2
Suppose 5*h = 3*h + 10, 2*u = -h + 49. What is the units digit of u?
2
Suppose 0 = -g + 2 + 2. Suppose -4 = 4*a - 0, -10 = -l + g*a. What is the units digit of l?
6
What is the tens digit of 24/20*330/9?
4
Suppose 4*n - n = -492. Let o be (-2)/9 - n/9. Let q = o - 13. What is the units digit of q?
5
What is the tens digit of (-1 - (-5)/(-15))*-51?
6
Let k(t) be the third derivative of -t**4/24 + 5*t**3/3 + 2*t**2. Let d be k(8). What is the units digit of (4/6)/(d/3)?
1
Suppose 2*r + 93 = -3*p + 519, 5*p + r = 710. What is the tens digit of p?
4
What is the hundreds digit of 70/3*((-16)/(-8) + 4)?
1
Let p(x) = -x**2 - 4*x + 11. Let d be p(-5). What is the units digit of 106/d*(-2 - -5)?
3
Suppose -184 = -3*p + 287. What is the tens digit of p?
5
Let j(x) = 2*x**2 - 5*x + 3. What is the units digit of j(-5)?
8
Suppose w = -2 + 1. Let q(z) be the first derivative of -5*z**4/2 + z - 3. What is the units digit of q(w)?
1
Suppose s - 2*s + 3 = 0. Suppose 0 = s*v - 34 - 8. What is the tens digit of v?
1
Let w(d) = -5*d**3 - d**2. Let h be w(-1). Suppose -h*x + 6 = -3*x + 5*u, -8 = -4*x - 4*u. What is the units digit of x?
1
Let c = -118 - -194. Suppose -5*a + 2*i + c = 0, -a + 5*a + 4*i - 44 = 0. What is the units digit of a?
4
Let f(h) = -h**3 - 9*h**2 + 10*h + 11. Suppose 3*a = -4*s - 28, -20 = -0*s + s + 4*a. Let w be 76/(-8) + 2/s. What is the tens digit of f(w)?
1
Suppose 3*g = 18 - 3. Let q = -7 - -6. What is the units digit of q + (-3 + g)*1?
1
Suppose 4 = 3*g - w, w + 6 - 2 = 5*g. Suppose -f + g*d + 3*d = -21, -d + 45 = 4*f. What is the tens digit of f?
1
Let m be (4/2)/(-6)*0. Suppose f - 2 - 4 = -t, -5*f + 5*t - 10 = m. What is the units digit of f?
2
What is the tens digit of 2/10 - (-2157)/15?
4
Let m(n) = n**3 - 2*n**2 + 2*n - 1. Let z be m(1). Suppose 3*x = -z + 6. Suppose -h + 2*h + w = -2, x*w = 2*h - 12. What is the units digit of h?
2
Let n(p) = -p**3 - 4*p**2 - 4*p - 4. Let z be n(-3). Let d be (5 - 2)/(z/(-18)). Suppose -d = -6*a + 3*a. What is the units digit of a?
8
Suppose -3*p - 3 - 6 = 0. What is the units digit of 32 + 0/p + 3?
5
Let a = 344 + -123. What is the tens digit of a?
2
Let m(d) be the third derivative of d**4/12 + d**2. Let x = -63 + 67. What is the units digit of m(x)?
8
Let m(a) = -30*a - 1. What is the units digit of m(-1)?
9
Suppose -4*k + 5*j = -72, -k - 2*k + 89 = 5*j. What is the tens digit of k?
2
Suppose -5*q - 3*s + 59 = 0, 4*q + s - 19 - 31 = 0. What is the tens digit of q?
1
Suppose 3*a - 643 = -5*z, 5*a - 761 = -z + 274. What is the tens digit of a?
0
Suppose -2*n + 17 = -39. What is the units digit of n?
8
What is the hundreds digit of ((-17)/17)/(1/(-154))?
1
Let x = -3 + 15. What is the units digit of x/7*(-105)/(-10)?
8
Let t(i) = i**2 + 2*i - 2. Let x = -4 + 6. Let j = x + -5. What is the units digit of t(j)?
1
Suppose -5*a - j = -29, 3*a - 2 = a + 2*j. Suppose -a*x - o + 0*o = -14, 0 = -5*o - 5. What is the units digit of x?
3
Let j(s) = -s + 5. Let n be j(10). Let f(a) = -12*a**3 - a**2 - a - 1. Let k be f(-1). Let c = n + k. What is the units digit of c?
6
Let x = 15 - 9. Suppose 0*n = 2*n - 10. Let i = x - n. What is the units digit of i?
1
Suppose 2*w = 2*c + 14, 0 = -w - 6*c + 2*c + 32. What is the units digit of w?
2
Let t = -3 - -2. Let s = t - -4. Suppose -4*r - c - s*c = -20, -5*c = 5. What is the units digit of r?
6
Let t(s) = s + 11. Let c be t(-9). Suppose c*r = 6*r - 28. What is the units digit of r?
7
Suppose 5*u + 10 = y, 5*u + 8 + 2 = -2*y. Suppose -5*p + 54 + 11 = y. What is the units digit of p?
3
Let n(u) = u + 29. What is the units digit of n(-17)?
2
Let x(q) = q**2 + 12*q + 45. What is the tens digit of x(-14)?
7
Suppose -15 = -5*f - 0. Let h(k) = -4*k + 6 - 7*k**2 - k**f + 4*k. What is the units digit of h(-7)?
6
What is the tens digit of (-2)/10 + 352/10?
3
Let h = -21 + 62. What is the units digit of h?
1
Let g(t) = -9*t**2 + 3*t. Let p(i) = 19*i**2 - 7*i. Let l be 0/(-5) - (-10)/(-2). Let a(h) = l*g(h) - 2*p(h). What is the units digit of a(-1)?
8
Let y = 13 + -8. Suppose -y*o + 3 = -42. What is the units digit of o?
9
Let y be (-2 + 1 - -6)*1. Suppose 4*v - 36 = -36. Suppose v = -0*f + f - y. What is the units digit of f?
5
Let q(u) = 264*u + 3. What is the tens digit of q(1)?
6
Let g = -446 - -769. What is the tens digit of g?
2
Let o be (3 - (-3 + 4)) + 14. Suppose 2*b - b = o. What is the tens digit of b?
1
Suppose 6*m + 83 = 7*m. What is the tens digit of m?
8
What is the tens digit of 17 + -1 + (4 - (9 + -6))?
1
Let o = 16 + -14. What is the units digit of o?
2
Let a(r) = -3*r + 2. Suppose 0 = -2*j + 5*p + 1, 2*j = -2*j - 2*p - 34. What is the tens digit of a(j)?
2
Let s be -8*(-2)/8*2. Let b be 171/s - 1/(-4). Suppose 5*c - i = b, 23 + 0 = 4*c + 3*i. What is the units digit of c?
8
Suppose 2*f + 0*f = -m + 2, 5*f = 4*m - 73. Let s = 1 + m. What is the tens digit of s?
1
Let x(u) be the third derivative of -u**6/120 + u**5/12 - u**4/6 + u**3/3 - 2*u**2. What is the units digit of x(3)?
8
Let i = -422 - -655. What is the units digit of i?
3
Let v(b) = -b**3 + 2*b